-344))?
8
Suppose -9*j = -20271 - 4164. Suppose 451 = -4*x + j. What is the hundreds digit of x?
5
Let k(a) = 17*a + 53. Let r be k(-10). Let x = -110 - r. Suppose x*z - 381 = 4*z. What is the hundreds digit of z?
1
Let p(f) = 7*f - 2. Let k be p(1). Suppose 19 - 94 = -k*r. What is the tens digit of (-9)/(-15) - (-441)/r?
3
Suppose -26 + 4 = 2*u. Let y(d) = 51 + 0*d + 8*d - 14*d + 10*d. What is the units digit of y(u)?
7
Let n(t) = -50*t - 6. Let j(l) = -7*l - 1. Let g(s) = 44*j(s) - 6*n(s). Suppose 0 = -5*o - h - 41, 0 = -o - 3*h - 8 + 11. What is the tens digit of g(o)?
6
Suppose 8*c = -8*c - 304. Let v = -27 - c. Let y(u) = u**3 + 10*u**2 - 3*u + 14. What is the units digit of y(v)?
6
Let f(o) = -3*o**3 - 49*o**2 - 30*o - 49. What is the hundreds digit of f(-24)?
9
Let m(j) = 55*j - 71. Let f be 3/((66/28)/11). What is the hundreds digit of m(f)?
6
Suppose 0 = 4*i - p - 136599, 4*p - 2850 + 139446 = 4*i. What is the hundreds digit of i?
1
What is the ten thousands digit of (-90)/(-42) + -2 - (-11)/(231/307962)?
1
Suppose 295*t = 286*t + 18. Suppose c = -t*o + 1548, 5*o - 11*c - 3870 = -12*c. What is the hundreds digit of o?
7
Suppose 163*f - 3627844 = 2358299 - 1021163. What is the thousands digit of f?
0
Let r be 7*((-60)/(-35) + -1). Let f be ((-2)/r)/((-13)/(-65)). What is the units digit of 70 + 0/f + -2?
8
Let x(r) = 76*r**3 + 2*r**2 - 4*r. Let t be x(2). Suppose 17*i - t - 497 = 0. What is the units digit of i?
5
What is the units digit of (-105)/84 + (-2295837)/(-36)?
2
Let b(w) = -511*w + 2250. What is the units digit of b(-47)?
7
Suppose 3*l - 25570 + 6577 = 0. What is the units digit of l?
1
Let d be (134/(-6))/(10/60). Let z be d/(-4)*(-12 + 18). Suppose -5*h + j + 969 = -j, 0 = h + 2*j - z. What is the units digit of h?
5
Let s = 46549 + -10229. What is the units digit of s?
0
Let q be (-2)/(1/3*-2). Suppose 20*r - 298 = 462. Suppose -q*y + r = -46. What is the units digit of y?
8
Let b(g) = 37*g**3 + 6*g**2 - 19*g + 6. What is the hundreds digit of b(7)?
8
Let g(r) = -6*r - 94. Let y(v) = 25*v + 376. Let u(b) = -9*g(b) - 2*y(b). What is the units digit of u(0)?
4
Suppose -9*z + 5*z = -1492. What is the hundreds digit of 3 + (0 - 1) + z?
3
Suppose 0 = -22*k + 16*k + 672. Suppose 2*l = 168 + k. Suppose 9*j = 10*j - l. What is the hundreds digit of j?
1
Let l(g) be the first derivative of 3*g**4/4 + 3*g**3 - g**2/2 - 2*g + 7. Let m(x) be the second derivative of l(x). What is the tens digit of m(9)?
8
Let q = 89 + -77. Suppose 4*m - q = 0, -6*m + 2*m = -5*k + 8508. Suppose k = -c + 13*c. What is the tens digit of c?
4
Suppose 4*q - 2*c + 72 = 0, -76 = 5*q - 2*c + 3*c. Let p(z) = -z**3 - 15*z**2 + 9*z - 48. What is the tens digit of p(q)?
6
Suppose 0 = 60*s - 260305 - 380855. What is the units digit of s?
6
Let p be 2/(7*(-5)/(-70)). Suppose 3*o = -2*s + 1343 + 290, -p*o - 2*s = -2176. What is the hundreds digit of o?
5
Let j = 118 - -339. Suppose 13*d = j + 8448. Suppose 2*h + 4*m - 269 = 5*m, -5*h + 5*m + d = 0. What is the hundreds digit of h?
1
Let u(y) = -631*y + 23. Let j be u(1). Let h = j - -1053. What is the hundreds digit of h?
4
Let w(u) = -123*u - 1196. What is the hundreds digit of w(-42)?
9
Let o = 116673 + -74062. What is the tens digit of o?
1
Let p be (80/64)/((-1)/(-4)). Suppose p*m - 431 - 169 = 0. Suppose -4*l + m = -68. What is the units digit of l?
7
Let y(x) = 45 + 3*x - 16 + 56 + 0. What is the tens digit of y(0)?
8
Let q(i) = 98*i - 16. Suppose -37 = 8*n - 11*n + 5*r, 2*n + 4*r = -12. What is the hundreds digit of q(n)?
3
Let r = 11228 + -7363. What is the tens digit of r?
6
Suppose -6*s + 27 = -15. Let v be s/((-98)/332) - (-6)/(-21). What is the units digit of (9/4 - (-6)/v) + 3?
5
Suppose 4*q + 6*d - 2205 = 3*d, -2*q - d + 1105 = 0. Suppose 1705 = -4*r - q. Let t = -357 - r. What is the hundreds digit of t?
2
Suppose -3*a = -3*q - 31236, 3*q = -4*a + 44324 - 2662. What is the ten thousands digit of a?
1
Suppose 5*w = -3*q - 574, 2*w - 4*w = 4*q + 238. Let g = w + 117. Suppose -66 - 564 = -4*s - 2*f, -g*s + 4*f + 624 = 0. What is the hundreds digit of s?
1
Suppose 4*q - 5191 - 63409 = 0. What is the units digit of q?
0
Let u(q) = 181*q**2 + 47*q + 17. What is the thousands digit of u(-4)?
2
Suppose 785 = 4*r - 1871. Let t = r - 252. What is the tens digit of t?
1
Let i = 52018 - 29779. What is the units digit of i?
9
Let d(p) = -p**2 - 15 + p**2 + p**2. Let q(o) = -3*o**2 + 4*o + 53. Let g be q(-4). What is the units digit of d(g)?
6
Let i(p) = -p**3 + 10*p**2 - 8*p + 3. Let h be i(9). What is the units digit of (1904/h - 2) + (-2)/(-6)?
7
Suppose 59*i - 42*i = -119. What is the units digit of (-1 - i) + -5 + 14 + 1550?
5
Let o = -526 + 510. What is the tens digit of (-2070)/4*(-3)/((-36)/o)?
9
Let j = 4540 + -3178. What is the units digit of j?
2
Let w = -1594 + 3798. What is the thousands digit of w?
2
Let c be (1/(-3))/(5/(-3735)). Suppose 2*i + 324 = -3*n, -3*i - 2*n - 232 = c. Let m = -103 - i. What is the tens digit of m?
5
What is the ten thousands digit of 3*(-4)/(-3)*5/80*58628?
1
Let t be (2 - 324/(-21)) + (-15)/35. Suppose 10 = 5*j, 3*x - 3*j + 19 = -t. What is the units digit of 83/2 - x/(-20) - -2?
3
Let t(d) = -2*d**2 + 48*d - 179. Let c be t(20). Let l(i) = 12 + 15 - 3*i + i**2 + 15*i. What is the units digit of l(c)?
0
Let p(b) = 12*b**2 - b + 1. Let z be p(1). Suppose 2758 + 1406 = z*r. What is the hundreds digit of r?
3
Let h = -542 - -552. Suppose 12 = -3*s + 3*c + 621, h = 5*c. What is the hundreds digit of s?
2
What is the hundreds digit of (-5)/(-8) + 1216560/128?
5
Suppose 0 = 4*b - i - 29759, 0*b - 2*i = 4*b - 29738. What is the tens digit of b?
3
Let n(k) = 4*k**2 - 3*k - 1. Let w be n(-1). Let y(d) = d**3 - 3*d**2 + 3*d - 2. Let v be y(w). Let l = 205 - v. What is the tens digit of l?
8
Let i(q) = -3 - 24*q - 26*q + 120*q - 30*q - 24*q. Let l(v) = -v**2 - 6*v + 1. Let w be l(-5). What is the units digit of i(w)?
3
Let y = 33783 + -4736. What is the thousands digit of y?
9
Let j(m) = 164*m**2 + 2*m + 9. Let p be j(-3). Suppose 0 = -3*i - 9, t = -5*i + 4*i + p. What is the units digit of t?
2
Suppose 3*o + q + 65 = 2*q, -4*o = 2*q + 80. What is the hundreds digit of (15 + -128)/(-2 - o/12)?
4
Let u = -58 + 62. Suppose -t = u*l + 3 + 9, 0 = -5*t - 2*l - 24. What is the units digit of (-2 - 10/t)/((-1)/(-58))?
9
Suppose 4556*g - 1204137 = 4523*g. What is the tens digit of g?
8
Let k(l) = -68*l - 114. What is the tens digit of k(-14)?
3
Suppose 10901 = 38*p - 34*p - 3*u, -p + 2738 = -5*u. Suppose -4*n = z - 4749, 4*n + 5*z = p + 2046. What is the tens digit of n?
8
Suppose -4*k = -9*k + 5. Suppose -15*h = -826 + k. What is the tens digit of h?
5
What is the ten thousands digit of 8*(-7 - -5) - -18403?
1
Let d(c) = -c**3 - 6*c**2 - 9*c - 2. Let a be -8*2/(-14)*(-42)/12. Let b be d(a). Suppose -7*o + 720 = -b*o. What is the units digit of o?
4
Let q = 39 + -193. Let w = q - -175. What is the units digit of w?
1
Suppose -92 = -3*c + 31. Let n = -46 + c. What is the units digit of (-9)/15 - 88/n?
7
Let y(i) = 13*i + 11*i + 19*i - 8*i + 9 + 3. What is the tens digit of y(12)?
3
Suppose 117*a - 1625337 = -281124. What is the thousands digit of a?
1
Suppose -20 = -0*i - 4*i. Suppose -168 = -f - 3*m, i*f - m + 3*m = 788. What is the units digit of f?
6
Let u(w) = -1595*w - 1288. What is the hundreds digit of u(-5)?
6
Suppose 38*u - 29*u = -42840. What is the hundreds digit of ((-6)/4)/(4781/u - -1)?
3
Suppose 156 = -0*b - 3*b. Let v = -89 - b. What is the tens digit of v*(8 - 4)/(-4)?
3
Let w(t) = -13*t**2 - 18*t - 48. Let y be w(-9). Let k = y - -1596. What is the hundreds digit of k?
6
Let l = -3 - -3141. What is the units digit of l?
8
Let d(l) = 3 - 1399*l + 1 + 4 + 59*l. What is the tens digit of d(-1)?
4
Let u(p) = -p + 51. Let b be u(11). Let k(l) = l + 113. What is the tens digit of k(b)?
5
Let t = -1146 + 1150. Suppose -b - 96 = -3*b. Suppose 568 = 3*f + 4*z, 3*f = t*z + b + 488. What is the units digit of f?
4
Let s = -41 + 45. Suppose 0 = t - 3*m - 38, s*t - 170 = -0*t + 3*m. Suppose 74*j = 75*j - t. What is the tens digit of j?
4
Suppose 8*x + 0 + 8 = 0. Let d be 7140/112 - ((-5)/4 - x). Suppose 8*k - d = 120. What is the tens digit of k?
2
Let c(i) = -2653*i + 1448. What is 